{"id":571,"date":"2020-02-11T15:28:36","date_gmt":"2020-02-11T14:28:36","guid":{"rendered":"https:\/\/netfile-solution.eu:444\/netfile-solution-wp\/?page_id=571"},"modified":"2022-10-25T12:13:16","modified_gmt":"2022-10-25T10:13:16","slug":"emilarchivierung-by-netfile-solution","status":"publish","type":"page","link":"https:\/\/netfile-solution.eu\/netfile-solution-wp\/emilarchivierung-by-netfile-solution\/","title":{"rendered":"E-M@ilarchivierung"},"content":{"rendered":"\n<h2 class=\"wp-block-heading\"><strong>Rechtssichere E-M@il-Archivierung nach GOBD <\/strong> <\/h2>\n\n\n\n<p>&#8230; ist ein wichtiges Thema und immer wieder stellen sich die Unternehmen bzw. die Steuerpflichtigen die gleiche Frage\/n. und man h\u00f6rt die gleichen Aussagen. <\/p>\n\n\n\n<p><strong>Diese sind z.B.<\/strong><\/p>\n\n\n\n<ul class=\"wp-block-list\"><li>Muss ich das wirklich\n     machen?<\/li><li>Das wird doch bestimmt\n     wieder teuer!<\/li><li>Mein Unternehmen ist\n     doch viel zu klein, ich muss das nicht machen!<\/li><li>Das ist doch viel zu\n     kompliziert<\/li><li>usw.<\/li><\/ul>\n\n\n\n<p>Es ist richtig, Sie m\u00fcssen Garnichts machen\u2026 <strong>ABER.<\/strong>.. Unwissenheit oder nichts zu machen bedeutet auch, dass Sie alleine f\u00fcr die Konsequenzen haften! Sie als Steuerpflichtiger stehen in der Beweispflicht. Das bedeutet, dass Sie im Zweifel nachweisen m\u00fcssen, dass ein Gesch\u00e4fts Prozess stattgefunden hat. Wenn dieser Gesch\u00e4fts Prozess via eM@il korrespondiert wurde, reicht es leider nicht diese einfach auszudrucken. <strong>Warum? <\/strong>Der Grund ist, dass diese ausgedruckte eM@il nicht manipulationssicher \/ Revisionssicherheit ist. <\/p>\n\n\n\n<p>Weitere Informationen zur Rechtslage bzw. zum Thema erhalten Sie <a rel=\"noreferrer noopener\" href=\"https:\/\/netfile-solution.eu:444\/netfile-solution\/downloads\/email-archivierung.pdf\" target=\"_blank\">hier<\/a>. Diese \u00fcbersichtliche Brosch\u00fcre ist vom Marktf\u00fchrer f\u00fcr eM@ilarchivierung  <a rel=\"noreferrer noopener\" href=\"https:\/\/www.mailstore.com\/\" target=\"_blank\">MailStore<\/a>  herausgegeben worden und klar und leicht zu verstehen, damit Sie als Unternehmer die richtige Entscheidung f\u00fcr Ihr Unternehmen treffen k\u00f6nnen.<\/p>\n\n\n\n<p><strong>Ihre Vorteile sind:<\/strong><\/p>\n\n\n\n<ul class=\"wp-block-list\"><li>Revisionssicherheit<\/li><li>DSVGO-Konform<\/li><li>Schnelle Volltextsuche<\/li><li>Nahtlose intigration in Microsoft-Outlook<\/li><li> Schnelle Wiederherstellung von gel\u00f6schten eM@il ohne den Admin zu kontaktieren <\/li><\/ul>\n\n\n\n<p>NetFile-Solution bietet ausschlie\u00dflich f\u00fcr seine Vertragskunden mit Exchange Postfach dieses Service an und erledigt Ihre eM@ilarchivierung automatisch im Hintergrund.<\/p>\n\n\n\n<p>Die Kosten (Netto) sind f\u00fcr Sie hierbei \u00fcberschaubar. Ab 49,99 \u20ac je MailStorebenutzer einmalig inkl. Einrichtung.  Es k\u00f6nnen problemlos mehrere Postf\u00e4cher je  MailStorebenutzer archiviert werden. Speicherplatzkosten im Monat 1 \u20ac je 1 GB  (min. 3 GB). <\/p>\n\n\n\n<p>Sprechen Sie uns einfach an, wir finden auch f\u00fcr Sie und Ihr Unternehmen die richtige L\u00f6sung.<\/p>\n\n\n\n<figure class=\"wp-block-image size-full\"><a href=\"https:\/\/youtu.be\/JUZQ--XQ9OI\" target=\"_blank\" rel=\"noreferrer noopener\"><img loading=\"lazy\" decoding=\"async\" width=\"552\" height=\"313\" src=\"https:\/\/netfile-solution.eu:444\/netfile-solution-wp\/wp-content\/uploads\/2022\/10\/2022-10-25_120904.jpg\" alt=\"\" class=\"wp-image-954\" srcset=\"https:\/\/netfile-solution.eu\/netfile-solution-wp\/wp-content\/uploads\/2022\/10\/2022-10-25_120904.jpg 552w, https:\/\/netfile-solution.eu\/netfile-solution-wp\/wp-content\/uploads\/2022\/10\/2022-10-25_120904-300x170.jpg 300w\" sizes=\"auto, (max-width: 552px) 100vw, 552px\" \/><\/a><\/figure>\n\n\n\n<p>NetFile-Solution realisiert seine  E-M@ilarchivierung  auf Basis von:<\/p>\n\n\n<div class=\"wp-block-image\">\n<figure class=\"alignleft size-large is-resized\"><a href=\"https:\/\/www.mailstore.com\/de\/\" target=\"_blank\" rel=\"noreferrer noopener\"><img loading=\"lazy\" decoding=\"async\" src=\"https:\/\/netfile-solution.eu:444\/netfile-solution-wp\/wp-content\/uploads\/2020\/02\/MailStore-Logo.jpg\" alt=\"\" class=\"wp-image-608\" width=\"214\" height=\"113\"\/><\/a><\/figure>\n<\/div>\n\n\n<p><\/p>\n\n\n\n<p><img loading=\"lazy\" decoding=\"async\" width=\"130\" height=\"93\" class=\"wp-image-716\" style=\"width: 130px;\" src=\"https:\/\/netfile-solution.eu:444\/netfile-solution-wp\/wp-content\/uploads\/2020\/04\/MSCT.png\" alt=\"\" srcset=\"https:\/\/netfile-solution.eu\/netfile-solution-wp\/wp-content\/uploads\/2020\/04\/MSCT.png 794w, https:\/\/netfile-solution.eu\/netfile-solution-wp\/wp-content\/uploads\/2020\/04\/MSCT-300x214.png 300w, https:\/\/netfile-solution.eu\/netfile-solution-wp\/wp-content\/uploads\/2020\/04\/MSCT-768x548.png 768w\" sizes=\"auto, (max-width: 130px) 100vw, 130px\" \/> <\/p>\n<div class=\"shariff shariff-align-center shariff-widget-align-center\"><div class=\"ShariffHeadline\">Teilen Sie diesen Beitrag (Shariff sch\u00fctzt Ihre Privatsph\u00e4re in sinne der DSVGO):<\/div><ul class=\"shariff-buttons theme-round orientation-horizontal buttonsize-medium\"><li class=\"shariff-button mastodon shariff-nocustomcolor\" style=\"background-color:#563ACC\"><a href=\"https:\/\/s2f.kytta.dev\/?text=E-M%40ilarchivierung https%3A%2F%2Fnetfile-solution.eu%2Fnetfile-solution-wp%2Femilarchivierung-by-netfile-solution%2F\" title=\"Bei Mastodon teilen\" aria-label=\"Bei Mastodon teilen\" role=\"button\" rel=\"noopener nofollow\" class=\"shariff-link\" style=\"; background-color:#6364FF; color:#fff\" target=\"_blank\"><span class=\"shariff-icon\" style=\"\"><svg width=\"75\" height=\"79\" viewBox=\"0 0 75 79\" fill=\"none\" xmlns=\"http:\/\/www.w3.org\/2000\/svg\"><path d=\"M37.813-.025C32.462-.058 27.114.13 21.79.598c-8.544.621-17.214 5.58-20.203 13.931C-1.12 23.318.408 32.622.465 41.65c.375 7.316.943 14.78 3.392 21.73 4.365 9.465 14.781 14.537 24.782 15.385 7.64.698 15.761-.213 22.517-4.026a54.1 54.1 0 0 0 .01-6.232c-6.855 1.316-14.101 2.609-21.049 1.074-3.883-.88-6.876-4.237-7.25-8.215-1.53-3.988 3.78-.43 5.584-.883 9.048 1.224 18.282.776 27.303-.462 7.044-.837 14.26-4.788 16.65-11.833 2.263-6.135 1.215-12.79 1.698-19.177.06-3.84.09-7.692-.262-11.52C72.596 7.844 63.223.981 53.834.684a219.453 219.453 0 0 0-16.022-.71zm11.294 12.882c5.5-.067 10.801 4.143 11.67 9.653.338 1.48.471 3 .471 4.515v21.088h-8.357c-.07-7.588.153-15.182-.131-22.765-.587-4.368-7.04-5.747-9.672-2.397-2.422 3.04-1.47 7.155-1.67 10.735v6.392h-8.307c-.146-4.996.359-10.045-.404-15.002-1.108-4.218-7.809-5.565-10.094-1.666-1.685 3.046-.712 6.634-.976 9.936v14.767h-8.354c.109-8.165-.238-16.344.215-24.5.674-5.346 5.095-10.389 10.676-10.627 4.902-.739 10.103 2.038 12.053 6.631.375 1.435 1.76 1.932 1.994.084 1.844-3.704 5.501-6.739 9.785-6.771.367-.044.735-.068 1.101-.073z\"\/><defs><linearGradient id=\"paint0_linear_549_34\" x1=\"37.0692\" y1=\"0\" x2=\"37.0692\" y2=\"79\" gradientUnits=\"userSpaceOnUse\"><stop stop-color=\"#6364FF\"\/><stop offset=\"1\" stop-color=\"#563ACC\"\/><\/linearGradient><\/defs><\/svg><\/span><\/a><\/li><li class=\"shariff-button facebook shariff-nocustomcolor\" style=\"background-color:#4273c8\"><a href=\"https:\/\/www.facebook.com\/sharer\/sharer.php?u=https%3A%2F%2Fnetfile-solution.eu%2Fnetfile-solution-wp%2Femilarchivierung-by-netfile-solution%2F\" title=\"Bei Facebook teilen\" aria-label=\"Bei Facebook teilen\" role=\"button\" rel=\"nofollow\" class=\"shariff-link\" style=\"; background-color:#3b5998; color:#fff\" target=\"_blank\"><span class=\"shariff-icon\" style=\"\"><svg width=\"32px\" height=\"20px\" xmlns=\"http:\/\/www.w3.org\/2000\/svg\" viewBox=\"0 0 18 32\"><path fill=\"#3b5998\" d=\"M17.1 0.2v4.7h-2.8q-1.5 0-2.1 0.6t-0.5 1.9v3.4h5.2l-0.7 5.3h-4.5v13.6h-5.5v-13.6h-4.5v-5.3h4.5v-3.9q0-3.3 1.9-5.2t5-1.8q2.6 0 4.1 0.2z\"\/><\/svg><\/span><\/a><\/li><li class=\"shariff-button linkedin shariff-nocustomcolor\" style=\"background-color:#1488bf\"><a href=\"https:\/\/www.linkedin.com\/sharing\/share-offsite\/?url=https%3A%2F%2Fnetfile-solution.eu%2Fnetfile-solution-wp%2Femilarchivierung-by-netfile-solution%2F\" title=\"Bei LinkedIn teilen\" aria-label=\"Bei LinkedIn teilen\" role=\"button\" rel=\"noopener nofollow\" class=\"shariff-link\" style=\"; background-color:#0077b5; color:#fff\" target=\"_blank\"><span class=\"shariff-icon\" style=\"\"><svg width=\"32px\" height=\"20px\" xmlns=\"http:\/\/www.w3.org\/2000\/svg\" viewBox=\"0 0 27 32\"><path fill=\"#0077b5\" d=\"M6.2 11.2v17.7h-5.9v-17.7h5.9zM6.6 5.7q0 1.3-0.9 2.2t-2.4 0.9h0q-1.5 0-2.4-0.9t-0.9-2.2 0.9-2.2 2.4-0.9 2.4 0.9 0.9 2.2zM27.4 18.7v10.1h-5.9v-9.5q0-1.9-0.7-2.9t-2.3-1.1q-1.1 0-1.9 0.6t-1.2 1.5q-0.2 0.5-0.2 1.4v9.9h-5.9q0-7.1 0-11.6t0-5.3l0-0.9h5.9v2.6h0q0.4-0.6 0.7-1t1-0.9 1.6-0.8 2-0.3q3 0 4.9 2t1.9 6z\"\/><\/svg><\/span><\/a><\/li><li class=\"shariff-button info shariff-nocustomcolor\" style=\"background-color:#eee\"><a href=\"http:\/\/ct.de\/-2467514\" title=\"Weitere Informationen\" aria-label=\"Weitere Informationen\" role=\"button\" rel=\"noopener \" class=\"shariff-link\" style=\"; background-color:#fff; color:#fff\" target=\"_blank\"><span class=\"shariff-icon\" style=\"\"><svg width=\"32px\" height=\"20px\" xmlns=\"http:\/\/www.w3.org\/2000\/svg\" viewBox=\"0 0 11 32\"><path fill=\"#999\" d=\"M11.4 24v2.3q0 0.5-0.3 0.8t-0.8 0.4h-9.1q-0.5 0-0.8-0.4t-0.4-0.8v-2.3q0-0.5 0.4-0.8t0.8-0.4h1.1v-6.8h-1.1q-0.5 0-0.8-0.4t-0.4-0.8v-2.3q0-0.5 0.4-0.8t0.8-0.4h6.8q0.5 0 0.8 0.4t0.4 0.8v10.3h1.1q0.5 0 0.8 0.4t0.3 0.8zM9.2 3.4v3.4q0 0.5-0.4 0.8t-0.8 0.4h-4.6q-0.4 0-0.8-0.4t-0.4-0.8v-3.4q0-0.4 0.4-0.8t0.8-0.4h4.6q0.5 0 0.8 0.4t0.4 0.8z\"\/><\/svg><\/span><\/a><\/li><\/ul><\/div>","protected":false},"excerpt":{"rendered":"<p>Rechtssichere E-M@il-Archivierung nach GOBD &#8230; ist ein wichtiges Thema und immer wieder stellen sich die Unternehmen bzw. die Steuerpflichtigen die gleiche Frage\/n. und man h\u00f6rt die gleichen Aussagen. Diese sind z.B. Muss ich das wirklich machen? Das wird doch bestimmt wieder teuer! Mein Unternehmen ist doch viel zu klein, ich muss das nicht machen! Das &hellip; <\/p>\n<p class=\"link-more\"><a href=\"https:\/\/netfile-solution.eu\/netfile-solution-wp\/emilarchivierung-by-netfile-solution\/\" class=\"more-link\"><span class=\"screen-reader-text\">\u201eE-M@ilarchivierung\u201c <\/span>weiterlesen<\/a><\/p>\n","protected":false},"author":1,"featured_media":0,"parent":0,"menu_order":0,"comment_status":"closed","ping_status":"closed","template":"","meta":{"iawp_total_views":0,"footnotes":""},"class_list":["post-571","page","type-page","status-publish","hentry"],"_links":{"self":[{"href":"https:\/\/netfile-solution.eu\/netfile-solution-wp\/wp-json\/wp\/v2\/pages\/571","targetHints":{"allow":["GET"]}}],"collection":[{"href":"https:\/\/netfile-solution.eu\/netfile-solution-wp\/wp-json\/wp\/v2\/pages"}],"about":[{"href":"https:\/\/netfile-solution.eu\/netfile-solution-wp\/wp-json\/wp\/v2\/types\/page"}],"author":[{"embeddable":true,"href":"https:\/\/netfile-solution.eu\/netfile-solution-wp\/wp-json\/wp\/v2\/users\/1"}],"replies":[{"embeddable":true,"href":"https:\/\/netfile-solution.eu\/netfile-solution-wp\/wp-json\/wp\/v2\/comments?post=571"}],"version-history":[{"count":50,"href":"https:\/\/netfile-solution.eu\/netfile-solution-wp\/wp-json\/wp\/v2\/pages\/571\/revisions"}],"predecessor-version":[{"id":956,"href":"https:\/\/netfile-solution.eu\/netfile-solution-wp\/wp-json\/wp\/v2\/pages\/571\/revisions\/956"}],"wp:attachment":[{"href":"https:\/\/netfile-solution.eu\/netfile-solution-wp\/wp-json\/wp\/v2\/media?parent=571"}],"curies":[{"name":"wp","href":"https:\/\/api.w.org\/{rel}","templated":true}]}}