{"id":175,"date":"2018-05-30T15:19:49","date_gmt":"2018-05-30T13:19:49","guid":{"rendered":"https:\/\/netfile-solution.eu:444\/netfile-solution-wp\/?page_id=175"},"modified":"2023-03-24T13:55:44","modified_gmt":"2023-03-24T12:55:44","slug":"kontakt","status":"publish","type":"page","link":"https:\/\/netfile-solution.eu\/netfile-solution-wp\/kontakt\/","title":{"rendered":"Kontakt"},"content":{"rendered":"<p><img loading=\"lazy\" decoding=\"async\" class=\"wp-image-1029 alignleft\" src=\"https:\/\/netfile-solution.eu:444\/netfile-solution-wp\/wp-content\/uploads\/2023\/02\/Mike1.jpg\" alt=\"\" width=\"259\" height=\"279\" srcset=\"https:\/\/netfile-solution.eu\/netfile-solution-wp\/wp-content\/uploads\/2023\/02\/Mike1.jpg 800w, https:\/\/netfile-solution.eu\/netfile-solution-wp\/wp-content\/uploads\/2023\/02\/Mike1-278x300.jpg 278w, https:\/\/netfile-solution.eu\/netfile-solution-wp\/wp-content\/uploads\/2023\/02\/Mike1-768x828.jpg 768w, https:\/\/netfile-solution.eu\/netfile-solution-wp\/wp-content\/uploads\/2023\/02\/Mike1-713x768.jpg 713w\" sizes=\"auto, (max-width: 259px) 100vw, 259px\" \/><\/p>\n<p>Foto: Lucas Coersten<\/p>\n<p>NetFile-Solution Service UG &amp; Co KG<\/p>\n<p>Gesch\u00e4ftsf\u00fchrer:\u00a0 Mike Pattberg Fachinformatiker\/Systemintegration<\/p>\n<p><a href=\"https:\/\/www.google.de\/maps\/place\/Mike+Pattberg+Netfile+Solution\/@51.5471404,6.5996107,16.48z\/data=!4m13!1m7!3m6!1s0x47b899d1e756752d:0x1ced9a59f915c157!2sRheinstra%C3%9Fe+23,+47495+Rheinberg!3b1!8m2!3d51.5467021!4d6.6020322!3m4!1s0x47b899d1de28ed23:0xeffec94350860800!8m2!3d51.5466828!4d6.6019099?hl=de\" target=\"_blank\" rel=\"noopener\">Rheinstr. 23<\/a><\/p>\n<p><a href=\"https:\/\/www.google.de\/maps\/place\/Mike+Pattberg+Netfile+Solution\/@51.5471404,6.5996107,16.48z\/data=!4m13!1m7!3m6!1s0x47b899d1e756752d:0x1ced9a59f915c157!2sRheinstra%C3%9Fe+23,+47495+Rheinberg!3b1!8m2!3d51.5467021!4d6.6020322!3m4!1s0x47b899d1de28ed23:0xeffec94350860800!8m2!3d51.5466828!4d6.6019099?hl=de\" target=\"_blank\" rel=\"noopener\">DE &#8211; 47495 Rheinberg<\/a><\/p>\n<p><strong>(Zur Karte: Bitte auf die Stra\u00dfen oder den Ortsnamen klicken)<\/strong><\/p>\n<p>Tele: (0) 28 43 &#8211; 99 04 00<\/p>\n<p>Fax: (0) 28 43 &#8211; 90 38 51<\/p>\n<p>Info (at) NetFile-Solution Punkt de<\/p>\n<p>Finanzamt Kamp-Lintfort<\/p>\n<p>USt.-ID Nr: DE 35 93 59 91 7<\/p>\n<p><strong><span class=\"module__title__link\">Usere Qualifikationen<\/span>:<\/strong><\/p>\n<p><img loading=\"lazy\" decoding=\"async\" class=\"alignnone  wp-image-820\" src=\"https:\/\/netfile-solution.eu:444\/netfile-solution-wp\/wp-content\/uploads\/2021\/10\/ihk-ausbildsb-300x233.jpg\" alt=\"\" width=\"196\" height=\"152\" srcset=\"https:\/\/netfile-solution.eu\/netfile-solution-wp\/wp-content\/uploads\/2021\/10\/ihk-ausbildsb-300x233.jpg 300w, https:\/\/netfile-solution.eu\/netfile-solution-wp\/wp-content\/uploads\/2021\/10\/ihk-ausbildsb-768x596.jpg 768w, https:\/\/netfile-solution.eu\/netfile-solution-wp\/wp-content\/uploads\/2021\/10\/ihk-ausbildsb.jpg 803w\" sizes=\"auto, (max-width: 196px) 100vw, 196px\" \/> \u00a0\u00a0\u00a0\u00a0\u00a0\u00a0\u00a0\u00a0\u00a0\u00a0\u00a0\u00a0\u00a0 <img loading=\"lazy\" decoding=\"async\" class=\"alignnone  wp-image-716\" src=\"https:\/\/netfile-solution.eu:444\/netfile-solution-wp\/wp-content\/uploads\/2020\/04\/MSCT-300x214.png\" alt=\"\" width=\"203\" height=\"145\" srcset=\"https:\/\/netfile-solution.eu\/netfile-solution-wp\/wp-content\/uploads\/2020\/04\/MSCT-300x214.png 300w, https:\/\/netfile-solution.eu\/netfile-solution-wp\/wp-content\/uploads\/2020\/04\/MSCT-768x548.png 768w, https:\/\/netfile-solution.eu\/netfile-solution-wp\/wp-content\/uploads\/2020\/04\/MSCT.png 794w\" sizes=\"auto, (max-width: 203px) 100vw, 203px\" \/><\/p>\n<p><img loading=\"lazy\" decoding=\"async\" class=\"alignnone size-full wp-image-255\" src=\"https:\/\/netfile-solution.eu:444\/netfile-solution-wp\/wp-content\/uploads\/2018\/05\/mcp_pers_col.jpg\" alt=\"\" width=\"235\" height=\"140\" \/><img loading=\"lazy\" decoding=\"async\" class=\"alignnone  wp-image-256\" src=\"https:\/\/netfile-solution.eu:444\/netfile-solution-wp\/wp-content\/uploads\/2018\/05\/MS_Partnerlogo.jpg\" alt=\"\" width=\"223\" height=\"84\" \/><\/p>\n\n<div class=\"wpcf7 no-js\" id=\"wpcf7-f45-o1\" lang=\"de-DE\" dir=\"ltr\" data-wpcf7-id=\"45\">\n<div class=\"screen-reader-response\"><p role=\"status\" aria-live=\"polite\" aria-atomic=\"true\"><\/p> <ul><\/ul><\/div>\n<form action=\"\/netfile-solution-wp\/wp-json\/wp\/v2\/pages\/175#wpcf7-f45-o1\" method=\"post\" class=\"wpcf7-form init\" aria-label=\"Kontaktformular\" novalidate=\"novalidate\" data-status=\"init\">\n<fieldset class=\"hidden-fields-container\"><input type=\"hidden\" name=\"_wpcf7\" value=\"45\" \/><input type=\"hidden\" name=\"_wpcf7_version\" value=\"6.1.5\" \/><input type=\"hidden\" name=\"_wpcf7_locale\" value=\"de_DE\" \/><input type=\"hidden\" name=\"_wpcf7_unit_tag\" value=\"wpcf7-f45-o1\" \/><input type=\"hidden\" name=\"_wpcf7_container_post\" value=\"0\" \/><input type=\"hidden\" name=\"_wpcf7_posted_data_hash\" value=\"\" \/>\n<\/fieldset>\n<p><label> Ihr Name (Pflichtfeld)<br \/>\n<span class=\"wpcf7-form-control-wrap\" data-name=\"your-name\"><input size=\"40\" maxlength=\"400\" class=\"wpcf7-form-control wpcf7-text wpcf7-validates-as-required\" aria-required=\"true\" aria-invalid=\"false\" value=\"\" type=\"text\" name=\"your-name\" \/><\/span> <\/label>\n<\/p>\n<p><label> Ihre E-Mail-Adresse (Pflichtfeld)<br \/>\n<span class=\"wpcf7-form-control-wrap\" data-name=\"your-email\"><input size=\"40\" maxlength=\"400\" class=\"wpcf7-form-control wpcf7-email wpcf7-validates-as-required wpcf7-text wpcf7-validates-as-email\" aria-required=\"true\" aria-invalid=\"false\" value=\"\" type=\"email\" name=\"your-email\" \/><\/span> <\/label>\n<\/p>\n<p><label> Ihr Anliegen (Pflichtfeld)<br \/>\n<span class=\"wpcf7-form-control-wrap\" data-name=\"your-subject\"><input size=\"40\" maxlength=\"400\" class=\"wpcf7-form-control wpcf7-text wpcf7-validates-as-required\" aria-required=\"true\" aria-invalid=\"false\" value=\"\" type=\"text\" name=\"your-subject\" \/><\/span> <\/label>\n<\/p>\n<p><label> Ihre Nachricht an uns (Pflichtfeld)<br \/>\n<span class=\"wpcf7-form-control-wrap\" data-name=\"your-message\"><textarea cols=\"40\" rows=\"10\" maxlength=\"2000\" class=\"wpcf7-form-control wpcf7-textarea wpcf7-validates-as-required\" aria-required=\"true\" aria-invalid=\"false\" name=\"your-message\"><\/textarea><\/span> <\/label>\n<\/p>\n<p><label> \"Ich willige ein, dass meine Angaben zur Kontaktaufnahme und Zuordnung f\u00fcr eventuelle R\u00fcckfragen sowie im Falle eines Vertragsschlusses auch f\u00fcr die sp\u00e4tere Vertragsabwicklung gespeichert werden. Hinweis: Diese Einwilligung k\u00f6nnen Sie jederzeit mit Wirkung f\u00fcr die Zukunft widerrufen, indem Sie eine E-Mail an Datenschutz (at) netfile-solution Punkt eu schicken. Details ergeben sich aus der Datenschutzerkl\u00e4rung (unten)\u201c.<br \/>\n<span class=\"wpcf7-form-control-wrap\" data-name=\"DSVGO\"><span class=\"wpcf7-form-control wpcf7-acceptance\"><span class=\"wpcf7-list-item\"><label><input type=\"checkbox\" name=\"DSVGO\" value=\"1\" aria-invalid=\"false\" \/><span class=\"wpcf7-list-item-label\">Das habe ich verstanden u. willige ein! (Pflichtfeld)<\/span><\/label><\/span><\/span><\/span><\/label>\n<\/p>\n<p><span id=\"wpcf7-69f28d49d08ac-wrapper\" class=\"wpcf7-form-control-wrap honeypot_name-wrap\" style=\"display:none !important; visibility:hidden !important;\"><label for=\"wpcf7-69f28d49d08ac-field\" class=\"hp-message\">Bitte lasse dieses Feld leer.<\/label><input id=\"wpcf7-69f28d49d08ac-field\"  class=\"wpcf7-form-control wpcf7-text\" type=\"text\" name=\"honeypot_name\" value=\"\" size=\"40\" tabindex=\"-1\" autocomplete=\"new-password\" \/><\/span>\n<\/p>\n<p><input class=\"wpcf7-form-control wpcf7-submit has-spinner\" type=\"submit\" value=\"Senden\" \/>\n<\/p><p style=\"display: none !important;\" class=\"akismet-fields-container\" data-prefix=\"_wpcf7_ak_\"><label>&#916;<textarea name=\"_wpcf7_ak_hp_textarea\" cols=\"45\" rows=\"8\" maxlength=\"100\"><\/textarea><\/label><input type=\"hidden\" id=\"ak_js_1\" name=\"_wpcf7_ak_js\" value=\"241\"\/><script>\ndocument.getElementById( \"ak_js_1\" ).setAttribute( \"value\", ( new Date() ).getTime() );\n<\/script>\n<\/p><div class=\"wpcf7-response-output\" aria-hidden=\"true\"><\/div>\n<\/form>\n<\/div>\n\n<div class=\"shariff shariff-align-center shariff-widget-align-center\"><div class=\"ShariffHeadline\">Teilen Sie diesen Beitrag (Shariff sch\u00fctzt Ihre Privatsph\u00e4re in sinne der DSVGO):<\/div><ul class=\"shariff-buttons theme-round orientation-horizontal buttonsize-medium\"><li class=\"shariff-button mastodon shariff-nocustomcolor\" style=\"background-color:#563ACC\"><a href=\"https:\/\/s2f.kytta.dev\/?text=Kontakt https%3A%2F%2Fnetfile-solution.eu%2Fnetfile-solution-wp%2Fkontakt%2F\" title=\"Bei Mastodon teilen\" aria-label=\"Bei Mastodon teilen\" role=\"button\" rel=\"noopener nofollow\" class=\"shariff-link\" style=\"; background-color:#6364FF; color:#fff\" target=\"_blank\"><span class=\"shariff-icon\" style=\"\"><svg width=\"75\" height=\"79\" viewBox=\"0 0 75 79\" fill=\"none\" xmlns=\"http:\/\/www.w3.org\/2000\/svg\"><path d=\"M37.813-.025C32.462-.058 27.114.13 21.79.598c-8.544.621-17.214 5.58-20.203 13.931C-1.12 23.318.408 32.622.465 41.65c.375 7.316.943 14.78 3.392 21.73 4.365 9.465 14.781 14.537 24.782 15.385 7.64.698 15.761-.213 22.517-4.026a54.1 54.1 0 0 0 .01-6.232c-6.855 1.316-14.101 2.609-21.049 1.074-3.883-.88-6.876-4.237-7.25-8.215-1.53-3.988 3.78-.43 5.584-.883 9.048 1.224 18.282.776 27.303-.462 7.044-.837 14.26-4.788 16.65-11.833 2.263-6.135 1.215-12.79 1.698-19.177.06-3.84.09-7.692-.262-11.52C72.596 7.844 63.223.981 53.834.684a219.453 219.453 0 0 0-16.022-.71zm11.294 12.882c5.5-.067 10.801 4.143 11.67 9.653.338 1.48.471 3 .471 4.515v21.088h-8.357c-.07-7.588.153-15.182-.131-22.765-.587-4.368-7.04-5.747-9.672-2.397-2.422 3.04-1.47 7.155-1.67 10.735v6.392h-8.307c-.146-4.996.359-10.045-.404-15.002-1.108-4.218-7.809-5.565-10.094-1.666-1.685 3.046-.712 6.634-.976 9.936v14.767h-8.354c.109-8.165-.238-16.344.215-24.5.674-5.346 5.095-10.389 10.676-10.627 4.902-.739 10.103 2.038 12.053 6.631.375 1.435 1.76 1.932 1.994.084 1.844-3.704 5.501-6.739 9.785-6.771.367-.044.735-.068 1.101-.073z\"\/><defs><linearGradient id=\"paint0_linear_549_34\" x1=\"37.0692\" y1=\"0\" x2=\"37.0692\" y2=\"79\" gradientUnits=\"userSpaceOnUse\"><stop stop-color=\"#6364FF\"\/><stop offset=\"1\" stop-color=\"#563ACC\"\/><\/linearGradient><\/defs><\/svg><\/span><\/a><\/li><li class=\"shariff-button facebook shariff-nocustomcolor\" style=\"background-color:#4273c8\"><a href=\"https:\/\/www.facebook.com\/sharer\/sharer.php?u=https%3A%2F%2Fnetfile-solution.eu%2Fnetfile-solution-wp%2Fkontakt%2F\" title=\"Bei Facebook teilen\" aria-label=\"Bei Facebook teilen\" role=\"button\" rel=\"nofollow\" class=\"shariff-link\" style=\"; background-color:#3b5998; color:#fff\" target=\"_blank\"><span class=\"shariff-icon\" style=\"\"><svg width=\"32px\" height=\"20px\" xmlns=\"http:\/\/www.w3.org\/2000\/svg\" viewBox=\"0 0 18 32\"><path fill=\"#3b5998\" d=\"M17.1 0.2v4.7h-2.8q-1.5 0-2.1 0.6t-0.5 1.9v3.4h5.2l-0.7 5.3h-4.5v13.6h-5.5v-13.6h-4.5v-5.3h4.5v-3.9q0-3.3 1.9-5.2t5-1.8q2.6 0 4.1 0.2z\"\/><\/svg><\/span><\/a><\/li><li class=\"shariff-button linkedin shariff-nocustomcolor\" style=\"background-color:#1488bf\"><a href=\"https:\/\/www.linkedin.com\/sharing\/share-offsite\/?url=https%3A%2F%2Fnetfile-solution.eu%2Fnetfile-solution-wp%2Fkontakt%2F\" title=\"Bei LinkedIn teilen\" aria-label=\"Bei LinkedIn teilen\" role=\"button\" rel=\"noopener nofollow\" class=\"shariff-link\" style=\"; background-color:#0077b5; color:#fff\" target=\"_blank\"><span class=\"shariff-icon\" style=\"\"><svg width=\"32px\" height=\"20px\" xmlns=\"http:\/\/www.w3.org\/2000\/svg\" viewBox=\"0 0 27 32\"><path fill=\"#0077b5\" d=\"M6.2 11.2v17.7h-5.9v-17.7h5.9zM6.6 5.7q0 1.3-0.9 2.2t-2.4 0.9h0q-1.5 0-2.4-0.9t-0.9-2.2 0.9-2.2 2.4-0.9 2.4 0.9 0.9 2.2zM27.4 18.7v10.1h-5.9v-9.5q0-1.9-0.7-2.9t-2.3-1.1q-1.1 0-1.9 0.6t-1.2 1.5q-0.2 0.5-0.2 1.4v9.9h-5.9q0-7.1 0-11.6t0-5.3l0-0.9h5.9v2.6h0q0.4-0.6 0.7-1t1-0.9 1.6-0.8 2-0.3q3 0 4.9 2t1.9 6z\"\/><\/svg><\/span><\/a><\/li><li class=\"shariff-button info shariff-nocustomcolor\" style=\"background-color:#eee\"><a href=\"http:\/\/ct.de\/-2467514\" title=\"Weitere Informationen\" aria-label=\"Weitere Informationen\" role=\"button\" rel=\"noopener \" class=\"shariff-link\" style=\"; background-color:#fff; color:#fff\" target=\"_blank\"><span class=\"shariff-icon\" style=\"\"><svg width=\"32px\" height=\"20px\" xmlns=\"http:\/\/www.w3.org\/2000\/svg\" viewBox=\"0 0 11 32\"><path fill=\"#999\" d=\"M11.4 24v2.3q0 0.5-0.3 0.8t-0.8 0.4h-9.1q-0.5 0-0.8-0.4t-0.4-0.8v-2.3q0-0.5 0.4-0.8t0.8-0.4h1.1v-6.8h-1.1q-0.5 0-0.8-0.4t-0.4-0.8v-2.3q0-0.5 0.4-0.8t0.8-0.4h6.8q0.5 0 0.8 0.4t0.4 0.8v10.3h1.1q0.5 0 0.8 0.4t0.3 0.8zM9.2 3.4v3.4q0 0.5-0.4 0.8t-0.8 0.4h-4.6q-0.4 0-0.8-0.4t-0.4-0.8v-3.4q0-0.4 0.4-0.8t0.8-0.4h4.6q0.5 0 0.8 0.4t0.4 0.8z\"\/><\/svg><\/span><\/a><\/li><\/ul><\/div>","protected":false},"excerpt":{"rendered":"<p>Foto: Lucas Coersten NetFile-Solution Service UG &amp; Co KG Gesch\u00e4ftsf\u00fchrer:\u00a0 Mike Pattberg Fachinformatiker\/Systemintegration Rheinstr. 23 DE &#8211; 47495 Rheinberg (Zur Karte: Bitte auf die Stra\u00dfen oder den Ortsnamen klicken) Tele: (0) 28 43 &#8211; 99 04 00 Fax: (0) 28 43 &#8211; 90 38 51 Info (at) NetFile-Solution Punkt de Finanzamt Kamp-Lintfort USt.-ID Nr: DE &hellip; <\/p>\n<p class=\"link-more\"><a href=\"https:\/\/netfile-solution.eu\/netfile-solution-wp\/kontakt\/\" class=\"more-link\"><span class=\"screen-reader-text\">\u201eKontakt\u201c <\/span>weiterlesen<\/a><\/p>\n","protected":false},"author":1,"featured_media":0,"parent":0,"menu_order":0,"comment_status":"closed","ping_status":"closed","template":"","meta":{"iawp_total_views":80,"footnotes":""},"class_list":["post-175","page","type-page","status-publish","hentry"],"_links":{"self":[{"href":"https:\/\/netfile-solution.eu\/netfile-solution-wp\/wp-json\/wp\/v2\/pages\/175","targetHints":{"allow":["GET"]}}],"collection":[{"href":"https:\/\/netfile-solution.eu\/netfile-solution-wp\/wp-json\/wp\/v2\/pages"}],"about":[{"href":"https:\/\/netfile-solution.eu\/netfile-solution-wp\/wp-json\/wp\/v2\/types\/page"}],"author":[{"embeddable":true,"href":"https:\/\/netfile-solution.eu\/netfile-solution-wp\/wp-json\/wp\/v2\/users\/1"}],"replies":[{"embeddable":true,"href":"https:\/\/netfile-solution.eu\/netfile-solution-wp\/wp-json\/wp\/v2\/comments?post=175"}],"version-history":[{"count":26,"href":"https:\/\/netfile-solution.eu\/netfile-solution-wp\/wp-json\/wp\/v2\/pages\/175\/revisions"}],"predecessor-version":[{"id":1249,"href":"https:\/\/netfile-solution.eu\/netfile-solution-wp\/wp-json\/wp\/v2\/pages\/175\/revisions\/1249"}],"wp:attachment":[{"href":"https:\/\/netfile-solution.eu\/netfile-solution-wp\/wp-json\/wp\/v2\/media?parent=175"}],"curies":[{"name":"wp","href":"https:\/\/api.w.org\/{rel}","templated":true}]}}