{"id":136,"date":"2018-05-30T12:23:04","date_gmt":"2018-05-30T10:23:04","guid":{"rendered":"https:\/\/netfile-solution.eu:444\/netfile-solution-wp\/?page_id=136"},"modified":"2021-09-18T13:01:55","modified_gmt":"2021-09-18T11:01:55","slug":"die-gefahren-fuer-ihre-daten","status":"publish","type":"page","link":"https:\/\/netfile-solution.eu\/netfile-solution-wp\/die-gefahren-fuer-ihre-daten\/","title":{"rendered":"Die Gefahren f\u00fcr Ihre Daten&#8230;"},"content":{"rendered":"<h1>&#8230;lauern \u00fcberall!<\/h1>\n<p><strong>Das Spiel mit dem Feuer!<\/strong><\/p>\n<p>Die gesamte Hardware Ihres Rechners sch\u00e4tzt\u00a0eine eher\u00a0k\u00fchle Raumtemperatur. Die Lebensdauer einer Festplatte z. B. wird durch ausreichend K\u00fchlung positiv beeinflusst. Welche Auswirkungen ein Brand im Allgemeinen annehmen kann, ist Ihnen sicherlich bekannt. Haben Sie dabei jedoch schon einmal an Ihre Daten gedacht? Die Hardware ist sicherlich nicht leicht davor zu sch\u00fctzen, doch Ihre ausgelagerten Daten k\u00f6nnen dem sicher entgehen &#8211;\u00a0zumal diese mit Sicherheit Werte f\u00fcr Sie darstellen, die kaum eine Versicherungspolice wiederbeschaffen kann.<\/p>\n<p><strong>Kann Ihr Computer schwimmen?<\/strong><\/p>\n<p>Auch wenn Sie Ihre Hardware sicher nicht neben dem Pool aufstellen: Auch in Ihrem B\u00fcro sind Ihre Daten nicht zwangsl\u00e4ufig vor einem Wasserschaden sicher. Sei es ein freundlicher Nachbar, der Ihnen sein Badewasser zur Verf\u00fcgung stellt, die Dachpfannen, die sich nach dem Sturm lieber am Boden als auf dem Dach herumtreiben, ein einfacher Rohrbruch, oder, oder, oder. Sicherlich fallen Ihnen selbst noch viele weitere M\u00f6glichkeiten ein. Die ausgelagerten und gesicherten Dateien k\u00f6nnten dann vielleicht Ihr Rettungsanker sein<\/p>\n<p><strong>Ist Ihr Unternehmen \u201cFort Knox\u201d?<\/strong><\/p>\n<p>Ist Ihr Unternehmen so gut gesichert wie Fort Knox? Sicherlich nicht. Sicherheitsschl\u00f6sser, Alarmanlagen, Panzerglas, vielleicht die eine oder andere Vorkehrung mehr wurde getroffen. Und sicherlich sind auch immer alle Fenster geschlossen und T\u00fcren verriegelt. Doch wer ist wirklich 100%ig einbruchsicher? Was nicht dort ist, kann auch nicht entwendet werden \u2013 zumindest nicht die ausgelagerte Sicherungskopie Ihrer Daten. Dem Papierkrieg und sonstigen Unannehmlichkeiten zum Trotz k\u00f6nnen Sie mit entsprechender Hardware Ihre Arbeitsleistung am PC kurzfristig mit den gesicherten Daten wieder auf den aktuellen Stand bringen.<\/p>\n<p><strong>Sind Ihre Daten auch f\u00fcr andere interessant?<\/strong><\/p>\n<p>Ob intern durch Mitarbeiter oder von au\u00dfen durch Hacker: Ihre Daten schweben in st\u00e4ndiger Gefahr, auch f\u00fcr von Ihnen nicht gew\u00fcnschte Zwecke missbraucht zu werden. Der Angriff von der internen Seite her muss ja noch nicht einmal b\u00f6se gemeint sein, z.B. nach einer Auseinandersetzung, Es kann sich auch um einen einfachen Benutzerfehler handeln, durch den wichtige Daten von Ihrem System versehentlich gel\u00f6scht werden. Diverse Hacker von au\u00dferhalb (Internet) interessieren sich vielleicht noch nicht einmal f\u00fcr den Dateninhalt selbst: Sie wollen ggf. nur die M\u00f6glichkeiten nutzen um Schaden anzurichten, die Sie Ihnen bieten.<\/p>\n<p><strong>Mit unserem Remote-Backup sind Sie auf der sicheren Seite!<\/strong><\/p>\n<p>Remotebackup bedeutet f\u00fcr Sie, kurz gesagt, eine doppelte Sicherheit Ihres Datenbestandes durch eine automatische\u00a0 Sicherungskopie, die au\u00dferhalb Ihrer R\u00e4umlichkeit gesichert aufbewahrt wird. Durch regelm\u00e4\u00dfige (z. B. t\u00e4gliche) Aktualisierung (\u00fcber das Internet m\u00f6glich) dieser Sicherungen bleibt Ihre doppelte Sicherheit immer auf dem aktuellen Stand.<\/p>\n<p>Aus welchem Grund auch immer Ihnen Ihre Daten abhanden gekommen sind: gel\u00f6scht, zerst\u00f6rt, entwendet, verf\u00e4lscht oder einfach der Zugriff nicht mehr m\u00f6glich ist: Mit unserem Remotebackup haben Sie immer noch den Joker in greifbarer N\u00e4he.<\/p>\n<p>Die komplette Sicherung Ihres urspr\u00fcnglichen Datenbestandes, kombiniert mit den gesicherten Daten bei jeder Sicherung \u00fcber den Cloud\/SFTP-Zugriff auf unseren Servern, ergibt das Abbild Ihres aktuellen, erarbeiteten Datenbestandes. Wie Ihnen bereits in der Pr\u00e4sentation versichert wurde, ist ein Zugriff auf die gesicherten Daten nur durch Sie allein mit Ihrem pers\u00f6nlichen Passwort m\u00f6glich!<\/p>\n<div class=\"shariff shariff-align-center shariff-widget-align-center\"><div class=\"ShariffHeadline\">Teilen Sie diesen Beitrag (Shariff sch\u00fctzt Ihre Privatsph\u00e4re in sinne der DSVGO):<\/div><ul class=\"shariff-buttons theme-round orientation-horizontal buttonsize-medium\"><li class=\"shariff-button mastodon shariff-nocustomcolor\" style=\"background-color:#563ACC\"><a href=\"https:\/\/s2f.kytta.dev\/?text=Die%20Gefahren%20f%C3%BCr%20Ihre%20Daten%E2%80%A6 https%3A%2F%2Fnetfile-solution.eu%2Fnetfile-solution-wp%2Fdie-gefahren-fuer-ihre-daten%2F\" title=\"Bei Mastodon teilen\" aria-label=\"Bei Mastodon teilen\" role=\"button\" rel=\"noopener nofollow\" class=\"shariff-link\" style=\"; background-color:#6364FF; color:#fff\" target=\"_blank\"><span class=\"shariff-icon\" style=\"\"><svg width=\"75\" height=\"79\" viewBox=\"0 0 75 79\" fill=\"none\" xmlns=\"http:\/\/www.w3.org\/2000\/svg\"><path d=\"M37.813-.025C32.462-.058 27.114.13 21.79.598c-8.544.621-17.214 5.58-20.203 13.931C-1.12 23.318.408 32.622.465 41.65c.375 7.316.943 14.78 3.392 21.73 4.365 9.465 14.781 14.537 24.782 15.385 7.64.698 15.761-.213 22.517-4.026a54.1 54.1 0 0 0 .01-6.232c-6.855 1.316-14.101 2.609-21.049 1.074-3.883-.88-6.876-4.237-7.25-8.215-1.53-3.988 3.78-.43 5.584-.883 9.048 1.224 18.282.776 27.303-.462 7.044-.837 14.26-4.788 16.65-11.833 2.263-6.135 1.215-12.79 1.698-19.177.06-3.84.09-7.692-.262-11.52C72.596 7.844 63.223.981 53.834.684a219.453 219.453 0 0 0-16.022-.71zm11.294 12.882c5.5-.067 10.801 4.143 11.67 9.653.338 1.48.471 3 .471 4.515v21.088h-8.357c-.07-7.588.153-15.182-.131-22.765-.587-4.368-7.04-5.747-9.672-2.397-2.422 3.04-1.47 7.155-1.67 10.735v6.392h-8.307c-.146-4.996.359-10.045-.404-15.002-1.108-4.218-7.809-5.565-10.094-1.666-1.685 3.046-.712 6.634-.976 9.936v14.767h-8.354c.109-8.165-.238-16.344.215-24.5.674-5.346 5.095-10.389 10.676-10.627 4.902-.739 10.103 2.038 12.053 6.631.375 1.435 1.76 1.932 1.994.084 1.844-3.704 5.501-6.739 9.785-6.771.367-.044.735-.068 1.101-.073z\"\/><defs><linearGradient id=\"paint0_linear_549_34\" x1=\"37.0692\" y1=\"0\" x2=\"37.0692\" y2=\"79\" gradientUnits=\"userSpaceOnUse\"><stop stop-color=\"#6364FF\"\/><stop offset=\"1\" stop-color=\"#563ACC\"\/><\/linearGradient><\/defs><\/svg><\/span><\/a><\/li><li class=\"shariff-button facebook shariff-nocustomcolor\" style=\"background-color:#4273c8\"><a href=\"https:\/\/www.facebook.com\/sharer\/sharer.php?u=https%3A%2F%2Fnetfile-solution.eu%2Fnetfile-solution-wp%2Fdie-gefahren-fuer-ihre-daten%2F\" title=\"Bei Facebook teilen\" aria-label=\"Bei Facebook teilen\" role=\"button\" rel=\"nofollow\" class=\"shariff-link\" style=\"; background-color:#3b5998; color:#fff\" target=\"_blank\"><span class=\"shariff-icon\" style=\"\"><svg width=\"32px\" height=\"20px\" xmlns=\"http:\/\/www.w3.org\/2000\/svg\" viewBox=\"0 0 18 32\"><path fill=\"#3b5998\" d=\"M17.1 0.2v4.7h-2.8q-1.5 0-2.1 0.6t-0.5 1.9v3.4h5.2l-0.7 5.3h-4.5v13.6h-5.5v-13.6h-4.5v-5.3h4.5v-3.9q0-3.3 1.9-5.2t5-1.8q2.6 0 4.1 0.2z\"\/><\/svg><\/span><\/a><\/li><li class=\"shariff-button linkedin shariff-nocustomcolor\" style=\"background-color:#1488bf\"><a href=\"https:\/\/www.linkedin.com\/sharing\/share-offsite\/?url=https%3A%2F%2Fnetfile-solution.eu%2Fnetfile-solution-wp%2Fdie-gefahren-fuer-ihre-daten%2F\" title=\"Bei LinkedIn teilen\" aria-label=\"Bei LinkedIn teilen\" role=\"button\" rel=\"noopener nofollow\" class=\"shariff-link\" style=\"; background-color:#0077b5; color:#fff\" target=\"_blank\"><span class=\"shariff-icon\" style=\"\"><svg width=\"32px\" height=\"20px\" xmlns=\"http:\/\/www.w3.org\/2000\/svg\" viewBox=\"0 0 27 32\"><path fill=\"#0077b5\" d=\"M6.2 11.2v17.7h-5.9v-17.7h5.9zM6.6 5.7q0 1.3-0.9 2.2t-2.4 0.9h0q-1.5 0-2.4-0.9t-0.9-2.2 0.9-2.2 2.4-0.9 2.4 0.9 0.9 2.2zM27.4 18.7v10.1h-5.9v-9.5q0-1.9-0.7-2.9t-2.3-1.1q-1.1 0-1.9 0.6t-1.2 1.5q-0.2 0.5-0.2 1.4v9.9h-5.9q0-7.1 0-11.6t0-5.3l0-0.9h5.9v2.6h0q0.4-0.6 0.7-1t1-0.9 1.6-0.8 2-0.3q3 0 4.9 2t1.9 6z\"\/><\/svg><\/span><\/a><\/li><li class=\"shariff-button info shariff-nocustomcolor\" style=\"background-color:#eee\"><a href=\"http:\/\/ct.de\/-2467514\" title=\"Weitere Informationen\" aria-label=\"Weitere Informationen\" role=\"button\" rel=\"noopener \" class=\"shariff-link\" style=\"; background-color:#fff; color:#fff\" target=\"_blank\"><span class=\"shariff-icon\" style=\"\"><svg width=\"32px\" height=\"20px\" xmlns=\"http:\/\/www.w3.org\/2000\/svg\" viewBox=\"0 0 11 32\"><path fill=\"#999\" d=\"M11.4 24v2.3q0 0.5-0.3 0.8t-0.8 0.4h-9.1q-0.5 0-0.8-0.4t-0.4-0.8v-2.3q0-0.5 0.4-0.8t0.8-0.4h1.1v-6.8h-1.1q-0.5 0-0.8-0.4t-0.4-0.8v-2.3q0-0.5 0.4-0.8t0.8-0.4h6.8q0.5 0 0.8 0.4t0.4 0.8v10.3h1.1q0.5 0 0.8 0.4t0.3 0.8zM9.2 3.4v3.4q0 0.5-0.4 0.8t-0.8 0.4h-4.6q-0.4 0-0.8-0.4t-0.4-0.8v-3.4q0-0.4 0.4-0.8t0.8-0.4h4.6q0.5 0 0.8 0.4t0.4 0.8z\"\/><\/svg><\/span><\/a><\/li><\/ul><\/div>","protected":false},"excerpt":{"rendered":"<p>&#8230;lauern \u00fcberall! Das Spiel mit dem Feuer! Die gesamte Hardware Ihres Rechners sch\u00e4tzt\u00a0eine eher\u00a0k\u00fchle Raumtemperatur. Die Lebensdauer einer Festplatte z. B. wird durch ausreichend K\u00fchlung positiv beeinflusst. Welche Auswirkungen ein Brand im Allgemeinen annehmen kann, ist Ihnen sicherlich bekannt. Haben Sie dabei jedoch schon einmal an Ihre Daten gedacht? Die Hardware ist sicherlich nicht leicht &hellip; <\/p>\n<p class=\"link-more\"><a href=\"https:\/\/netfile-solution.eu\/netfile-solution-wp\/die-gefahren-fuer-ihre-daten\/\" class=\"more-link\"><span class=\"screen-reader-text\">\u201eDie Gefahren f\u00fcr Ihre Daten&#8230;\u201c <\/span>weiterlesen<\/a><\/p>\n","protected":false},"author":1,"featured_media":0,"parent":0,"menu_order":0,"comment_status":"closed","ping_status":"closed","template":"","meta":{"iawp_total_views":3,"footnotes":""},"class_list":["post-136","page","type-page","status-publish","hentry"],"_links":{"self":[{"href":"https:\/\/netfile-solution.eu\/netfile-solution-wp\/wp-json\/wp\/v2\/pages\/136","targetHints":{"allow":["GET"]}}],"collection":[{"href":"https:\/\/netfile-solution.eu\/netfile-solution-wp\/wp-json\/wp\/v2\/pages"}],"about":[{"href":"https:\/\/netfile-solution.eu\/netfile-solution-wp\/wp-json\/wp\/v2\/types\/page"}],"author":[{"embeddable":true,"href":"https:\/\/netfile-solution.eu\/netfile-solution-wp\/wp-json\/wp\/v2\/users\/1"}],"replies":[{"embeddable":true,"href":"https:\/\/netfile-solution.eu\/netfile-solution-wp\/wp-json\/wp\/v2\/comments?post=136"}],"version-history":[{"count":2,"href":"https:\/\/netfile-solution.eu\/netfile-solution-wp\/wp-json\/wp\/v2\/pages\/136\/revisions"}],"predecessor-version":[{"id":780,"href":"https:\/\/netfile-solution.eu\/netfile-solution-wp\/wp-json\/wp\/v2\/pages\/136\/revisions\/780"}],"wp:attachment":[{"href":"https:\/\/netfile-solution.eu\/netfile-solution-wp\/wp-json\/wp\/v2\/media?parent=136"}],"curies":[{"name":"wp","href":"https:\/\/api.w.org\/{rel}","templated":true}]}}